7 and 33?
33
What is the highest common factor of 139955 and 23?
23
Calculate the highest common divisor of 3 and 971.
1
What is the greatest common divisor of 108 and 297?
27
What is the greatest common divisor of 36 and 20?
4
Calculate the highest common factor of 98 and 161.
7
Calculate the highest common divisor of 319 and 59334.
319
What is the highest common divisor of 2830 and 10?
10
What is the greatest common divisor of 936 and 576?
72
What is the greatest common factor of 18 and 882?
18
Calculate the greatest common factor of 15 and 33.
3
What is the highest common factor of 252 and 28?
28
Calculate the greatest common divisor of 36 and 114.
6
Calculate the highest common factor of 143 and 99.
11
Calculate the highest common divisor of 75 and 3075.
75
What is the greatest common factor of 6200 and 125?
25
What is the greatest common divisor of 28 and 3?
1
What is the highest common factor of 898 and 59717?
449
Calculate the highest common factor of 11 and 484.
11
What is the greatest common divisor of 472 and 177?
59
Calculate the greatest common factor of 5 and 28255.
5
What is the greatest common factor of 22 and 518?
2
What is the greatest common factor of 350 and 8960?
70
What is the highest common factor of 186 and 496?
62
What is the greatest common factor of 48 and 246?
6
Calculate the greatest common divisor of 8453 and 1177.
107
Calculate the highest common divisor of 255 and 22134.
51
Calculate the highest common divisor of 628 and 785.
157
What is the greatest common divisor of 4180 and 4?
4
What is the highest common factor of 3174 and 6?
6
What is the greatest common factor of 1302 and 63?
21
What is the highest common divisor of 594 and 540?
54
Calculate the highest common factor of 861 and 63.
21
Calculate the highest common factor of 72 and 248.
8
What is the highest common factor of 50 and 3575?
25
Calculate the highest common factor of 12132 and 36.
36
What is the highest common divisor of 23 and 207?
23
Calculate the highest common factor of 29 and 12093.
29
What is the highest common factor of 55 and 385?
55
Calculate the highest common factor of 152 and 8.
8
Calculate the highest common divisor of 2568 and 24.
24
Calculate the highest common factor of 9 and 1026.
9
Calculate the greatest common factor of 2414 and 34.
34
What is the highest common factor of 384 and 84?
12
Calculate the greatest common factor of 22795 and 47.
47
Calculate the greatest common divisor of 250 and 2150.
50
What is the greatest common factor of 105 and 375?
15
What is the greatest common divisor of 275 and 33?
11
Calculate the greatest common factor of 183 and 12.
3
Calculate the greatest common divisor of 27 and 18.
9
What is the highest common divisor of 15 and 2955?
15
Calculate the highest common factor of 69 and 46.
23
What is the highest common divisor of 2964 and 152?
76
Calculate the greatest common divisor of 1484 and 112.
28
What is the highest common divisor of 115 and 10?
5
What is the highest common divisor of 2527 and 38?
19
Calculate the greatest common divisor of 21 and 336.
21
What is the greatest common divisor of 192 and 12?
12
What is the highest common divisor of 35 and 2765?
35
What is the greatest common factor of 27 and 26703?
27
What is the greatest common divisor of 60 and 160?
20
What is the greatest common factor of 342 and 18?
18
Calculate the greatest common divisor of 12987 and 27.
27
What is the greatest common factor of 82 and 697?
41
Calculate the highest common factor of 243 and 60.
3
Calculate the greatest common factor of 5 and 18325.
5
What is the highest common factor of 1837 and 3173?
167
Calculate the highest common divisor of 440 and 594.
22
What is the greatest common factor of 760 and 2945?
95
What is the highest common divisor of 1209 and 3?
3
What is the greatest common factor of 11759 and 11?
11
What is the greatest common factor of 414 and 162?
18
Calculate the greatest common divisor of 15 and 48.
3
Calculate the greatest common divisor of 70 and 270.
10
Calculate the highest common factor of 30 and 240.
30
Calculate the greatest common factor of 51 and 969.
51
Calculate the highest common factor of 425 and 255.
85
What is the greatest common divisor of 506 and 414?
46
What is the highest common factor of 76 and 892?
4
What is the highest common divisor of 120 and 2100?
60
Calculate the greatest common factor of 7 and 847.
7
What is the greatest common factor of 80 and 180?
20
What is the greatest common factor of 612 and 432?
36
What is the highest common divisor of 1738 and 22?
22
Calculate the greatest common factor of 73472 and 287.
287
What is the greatest common factor of 8 and 4464?
8
Calculate the greatest common divisor of 240 and 11840.
80
Calculate the highest common divisor of 77 and 49.
7
What is the greatest common factor of 16 and 10800?
16
Calculate the highest common factor of 4 and 98.
2
Calculate the greatest common factor of 143 and 44.
11
Calculate the greatest common factor of 1127 and 49.
49
Calculate the greatest common factor of 81 and 135.
27
Calculate the greatest common divisor of 637 and 39.
13
What is the greatest common factor of 1768 and 858?
26
Calculate the highest common divisor of 31 and 3379.
31
What is the greatest common factor of 124 and 775?
31
What is the highest common factor of 4332 and 798?
114
What is the greatest common factor of 15 and 1965?
15
What is the highest common divisor of 228 and 6460?
76
Calculate the highest common divisor of 42616 and 56.
56
What is the highest common divisor of 1984 and 192?
64
Calculate the greatest common factor of 36 and 15396.
12
What is the greatest common divisor of 44446 and 142?
142
Calculate the highest common divisor of 6302 and 414.
46
Calculate the greatest common factor of 533 and 26.
13
What is the greatest common divisor of 34 and 170?
34
What is the highest common divisor of 714 and 28?
14
What is the highest common divisor of 6059 and 73?
73
Calculate the greatest common divisor of 8472 and 96.
24
Calculate the greatest common factor of 16 and 784.
16
Calculate the greatest common divisor of 1882 and 2.
2
Calculate the highest common divisor of 8950 and 10.
10
What is the greatest common divisor of 1 and 9?
1
What is the highest common factor of 583 and 424?
53
Calculate the greatest common divisor of 42 and 133.
7
Calculate the greatest common factor of 88 and 3223.
11
Calculate the highest common factor of 128 and 320.
64
What is the greatest common divisor of 12 and 534?
6
Calculate the highest common factor of 15156 and 144.
36
Calculate the highest common factor of 18236 and 940.
188
What is the greatest common divisor of 90 and 40?
10
What is the highest common divisor of 189 and 27?
27
Calculate the greatest common factor of 65 and 520.
65
Calculate the highest common factor of 25 and 145.
5
Calculate the highest common divisor of 450 and 4700.
50
Calculate the highest common factor of 760 and 8.
8
Calculate the highest common divisor of 165 and 561.
33
What is the greatest common divisor of 8 and 19?
1
Calculate the highest common factor of 459 and 17.
17
Calculate the greatest common factor of 4 and 38.
2
Calculate the greatest common factor of 90 and 190.
10
Calculate the highest common factor of 84 and 1029.
21
Calculate the greatest common divisor of 5022 and 93.
93
What is the highest common divisor of 18 and 27?
9
Calculate the greatest common divisor of 363 and 1331.
121
Calculate the greatest common divisor of 382 and 2.
2
What is the highest common factor of 84 and 336?
84
What is the greatest common factor of 96 and 30?
6
Calculate the highest common divisor of 5781 and 141.
141
What is the greatest common divisor of 11817 and 202?
101
Calculate the highest common factor of 54 and 156.
6
Calculate the greatest common divisor of 4692 and 408.
204
Calculate the greatest common divisor of 506 and 92.
46
What is the highest common divisor of 410 and 615?
205
What is the greatest common factor of 851 and 37?
37
Calculate the highest common factor of 100 and 285.
5
Calculate the highest common divisor of 99 and 4224.
33
What is the highest common divisor of 18 and 450?
18
What is the greatest common factor of 80 and 192?
16
What is the highest common divisor of 83 and 3901?
83
